{"id":1353,"date":"2016-03-12T12:49:17","date_gmt":"2016-03-12T12:49:17","guid":{"rendered":"http:\/\/www.bel-ongle.fr\/?page_id=1353"},"modified":"2025-06-23T21:46:26","modified_gmt":"2025-06-23T19:46:26","slug":"presentation-institut","status":"publish","type":"page","link":"https:\/\/www.bel-ongle.fr\/index.php\/presentation-institut\/","title":{"rendered":"L&rsquo;institut"},"content":{"rendered":"<p>[vc_row full_width=\u00a0\u00bbstretch_row\u00a0\u00bb inverse=\u00a0\u00bb\u00a0\u00bb css=\u00a0\u00bb.vc_custom_1457787077542{background-position: center !important;background-repeat: no-repeat !important;background-size: cover !important;}\u00a0\u00bb][vc_column]<div class=\"sc_content content_wrap home1-block5 \" style=\"margin-top: 5em; margin-bottom: 5em;\"><div class=\"columns_wrap sc_columns columns_nofluid sc_columns_count_3\"><div class=\"column-2_3 sc_column_item sc_column_item_1 odd first span_2\"><h2 class=\"sc_title sc_title_regular margin_bottom_null\">Bel&rsquo;Ongle Institut<\/h2><h6 class=\"sc_title sc_title_regular\" style=\"margin-top: 0.5em; margin-bottom: 3.5em;\">Exp\u00e9rience &amp; savoir-faire<\/h6>[vc_column_text]<\/p>\n<p class=\"p1\" style=\"margin: 0cm;\"><span class=\"s1\"><span style=\"color: black;\">Bienvenue dans notre onglerie, un espace enti\u00e8rement d\u00e9di\u00e9 \u00e0 la beaut\u00e9 et au soin de vos ongles. Avec plus de 15 ans d\u2019exp\u00e9rience dans le domaine de la proth\u00e9sie ongulaire, nous mettons notre expertise et notre passion au service de vos mains.<\/span><\/span><\/p>\n<p class=\"p2\" style=\"margin: 0cm; font-width: normal; font-size-adjust: none; font-kerning: auto; font-variant-alternates: normal; font-variant-ligatures: normal; font-variant-numeric: normal; font-variant-east-asian: normal; font-variant-position: normal; font-feature-settings: normal; font-optical-sizing: auto; font-variation-settings: normal; min-height: 21px; caret-color: #000000; -webkit-text-size-adjust: auto;\"><span style=\"font-size: 13.5pt; color: black;\">\u00a0<\/span><\/p>\n<p class=\"p1\" style=\"margin: 0cm; font-width: normal; font-size-adjust: none; font-kerning: auto; font-variant-alternates: normal; font-variant-ligatures: normal; font-variant-numeric: normal; font-variant-east-asian: normal; font-variant-position: normal; font-feature-settings: normal; font-optical-sizing: auto; font-variation-settings: normal; caret-color: #000000; -webkit-text-size-adjust: auto;\"><span class=\"s1\"><span style=\"color: black;\">Que ce soit pour un \u00e9v\u00e9nement sp\u00e9cial, un entretien r\u00e9gulier de vos ongles ou simplement pour vous offrir un moment de d\u00e9tente, notre \u00e9quipe de proth\u00e9sistes exp\u00e9riment\u00e9es saura vous conseiller et vous orienter vers les solutions les plus adapt\u00e9es \u00e0 vos envies. Gr\u00e2ce \u00e0 notre longue exp\u00e9rience, nous ma\u00eetrisons parfaitement les derni\u00e8res tendances et techniques, tout en vous garantissant un r\u00e9sultat \u00e9l\u00e9gant et durable.<\/span><\/span><\/p>\n<p class=\"p2\" style=\"margin: 0cm; font-width: normal; font-size-adjust: none; font-kerning: auto; font-variant-alternates: normal; font-variant-ligatures: normal; font-variant-numeric: normal; font-variant-east-asian: normal; font-variant-position: normal; font-feature-settings: normal; font-optical-sizing: auto; font-variation-settings: normal; min-height: 21px; caret-color: #000000; -webkit-text-size-adjust: auto;\"><span style=\"font-size: 13.5pt; color: black;\">\u00a0<\/span><\/p>\n<p class=\"p1\" style=\"margin: 0cm; font-width: normal; font-size-adjust: none; font-kerning: auto; font-variant-alternates: normal; font-variant-ligatures: normal; font-variant-numeric: normal; font-variant-east-asian: normal; font-variant-position: normal; font-feature-settings: normal; font-optical-sizing: auto; font-variation-settings: normal; caret-color: #000000; -webkit-text-size-adjust: auto;\"><span class=\"s1\"><span style=\"color: black;\">Notre mission est de sublimer vos mains avec des techniques modernes et des produits de qualit\u00e9 sup\u00e9rieure.<\/span><\/span><\/p>\n<p class=\"p1\" style=\"margin: 0cm; font-width: normal; font-size-adjust: none; font-kerning: auto; font-variant-alternates: normal; font-variant-ligatures: normal; font-variant-numeric: normal; font-variant-east-asian: normal; font-variant-position: normal; font-feature-settings: normal; font-optical-sizing: auto; font-variation-settings: normal; caret-color: #000000; -webkit-text-size-adjust: auto;\"><span class=\"s1\"><span style=\"color: black;\">De la manucure naturelle et discr\u00e8te aux cr\u00e9ations les plus audacieuses, chaque cliente repart avec des ongles uniques, travaill\u00e9s avec soin et cr\u00e9ativit\u00e9.<\/span><\/span><\/p>\n<p class=\"p2\" style=\"margin: 0cm; font-width: normal; font-size-adjust: none; font-kerning: auto; font-variant-alternates: normal; font-variant-ligatures: normal; font-variant-numeric: normal; font-variant-east-asian: normal; font-variant-position: normal; font-feature-settings: normal; font-optical-sizing: auto; font-variation-settings: normal; min-height: 21px; caret-color: #000000; -webkit-text-size-adjust: auto;\"><span style=\"font-size: 13.5pt; color: black;\">\u00a0<\/span><\/p>\n<p class=\"p1\" style=\"margin: 0cm; font-width: normal; font-size-adjust: none; font-kerning: auto; font-variant-alternates: normal; font-variant-ligatures: normal; font-variant-numeric: normal; font-variant-east-asian: normal; font-variant-position: normal; font-feature-settings: normal; font-optical-sizing: auto; font-variation-settings: normal; caret-color: #000000; -webkit-text-size-adjust: auto;\"><span class=\"s1\"><span style=\"color: black;\">Venez d\u00e9couvrir notre onglerie et offrez-vous un instant de beaut\u00e9 et de bien-\u00eatre dans un cadre agr\u00e9able et relaxant.<\/span><\/span><\/p>\n<p class=\"p1\" style=\"margin: 0cm; font-width: normal; font-size-adjust: none; font-kerning: auto; font-variant-alternates: normal; font-variant-ligatures: normal; font-variant-numeric: normal; font-variant-east-asian: normal; font-variant-position: normal; font-feature-settings: normal; font-optical-sizing: auto; font-variation-settings: normal; caret-color: #000000; -webkit-text-size-adjust: auto;\"><span class=\"s1\"><span style=\"color: black;\">Que vous recherchiez la simplicit\u00e9 chic ou des ongles d\u00e9cor\u00e9s , nous sommes l\u00e0 pour transformer vos souhaits en r\u00e9alit\u00e9.<\/span><\/span><\/p>\n<p class=\"p2\" style=\"margin: 0cm; font-width: normal; font-size-adjust: none; font-kerning: auto; font-variant-alternates: normal; font-variant-ligatures: normal; font-variant-numeric: normal; font-variant-east-asian: normal; font-variant-position: normal; font-feature-settings: normal; font-optical-sizing: auto; font-variation-settings: normal; min-height: 21px; caret-color: #000000; -webkit-text-size-adjust: auto;\"><span style=\"font-size: 13.5pt; color: black;\">\u00a0<\/span><\/p>\n<p class=\"p1\" style=\"margin: 0cm; font-width: normal; font-size-adjust: none; font-kerning: auto; font-variant-alternates: normal; font-variant-ligatures: normal; font-variant-numeric: normal; font-variant-east-asian: normal; font-variant-position: normal; font-feature-settings: normal; font-optical-sizing: auto; font-variation-settings: normal; caret-color: #000000; -webkit-text-size-adjust: auto;\"><span class=\"s1\"><span style=\"color: black;\">Parce que vos mains m\u00e9ritent ce qu\u2019il y a de mieux, laissez-nous r\u00e9v\u00e9ler toute leur \u00e9l\u00e9gance !<\/span><\/span><\/p>\n<p><span style=\"font-size: revert; color: initial;\">[\/vc_column_text]<a href=\"http:\/\/www.bel-ongle.fr\/index.php\/services-2\/\" class=\"sc_button sc_button_square sc_button_style_filled sc_button_size_small margin_top_medium\">Voir toutes nos prestations<\/a><\/div><div class=\"column-1_3 sc_column_item sc_column_item_3 odd after_span_2\" style=\"text-align:center;\">[vc_empty_space height=\u00a0\u00bb150px\u00a0\u00bb][vc_single_image image=\u00a0\u00bb2270&Prime; img_size=\u00a0\u00bblarge\u00a0\u00bb]<\/div><\/div><\/div>[\/vc_column][\/vc_row][vc_row full_width=\u00a0\u00bbstretch_row\u00a0\u00bb css=\u00a0\u00bb.vc_custom_1542903248006{background-image: url(http:\/\/www.bel-ongle.fr\/wp-content\/uploads\/2018\/11\/formation-pose-ongles-gel-nimes-gard-beaucaire.jpg?id=1873) !important;background-position: center !important;background-repeat: no-repeat !important;background-size: cover !important;}\u00a0\u00bb][vc_column]<div class=\"sc_content content_wrap\" style=\"margin-top: 7em; margin-bottom: 5em;\"><h1 class=\"sc_title sc_title_regular sc_align_center\" style=\"line-height: 1.1em;text-align:center;font-size:3.889em;\"><\/span><span style=\"color: #ffffff;\">Cr\u00e9ez votre style<\/span><span style=\"font-size: revert; color: initial;\"><\/h1>[vc_column_text css=\u00a0\u00bb.vc_custom_1542903345541{margin-top: 20px !important;}\u00a0\u00bb]<\/span><\/p>\n<p style=\"text-align: center;\"><span style=\"color: #ffffff;\">Couleurs, formes, longueurs, nail art&#8230;tout est possible !<\/span><\/p>\n<p>[\/vc_column_text]<a href=\"http:\/\/www.bel-ongle.fr\/index.php\/services-2\/\" class=\"sc_button sc_button_square sc_button_style_filled sc_button_size_medium aligncenter margin_top_large\" style=\"width:200px;\">Voir toutes nos prestations<\/a><\/div>[\/vc_column][\/vc_row]<\/p>\n","protected":false},"excerpt":{"rendered":"<p>[vc_row full_width=\u00a0\u00bbstretch_row\u00a0\u00bb inverse=\u00a0\u00bb\u00a0\u00bb css=\u00a0\u00bb.vc_custom_1457787077542{background-position: center !important;background-repeat: no-repeat !important;background-size: cover !important;}\u00a0\u00bb][vc_column][\/vc_column][\/vc_row][vc_row full_width=\u00a0\u00bbstretch_row\u00a0\u00bb css=\u00a0\u00bb.vc_custom_1542903248006{background-image: url(http:\/\/www.bel-ongle.fr\/wp-content\/uploads\/2018\/11\/formation-pose-ongles-gel-nimes-gard-beaucaire.jpg?id=1873) !important;background-position: center !important;background-repeat: no-repeat !important;background-size: cover !important;}\u00a0\u00bb][vc_column][\/vc_column][\/vc_row]<\/p>\n","protected":false},"author":1,"featured_media":0,"parent":0,"menu_order":0,"comment_status":"closed","ping_status":"closed","template":"","meta":{"_monsterinsights_skip_tracking":false,"_monsterinsights_sitenote_active":false,"_monsterinsights_sitenote_note":"","_monsterinsights_sitenote_category":0,"footnotes":""},"_links":{"self":[{"href":"https:\/\/www.bel-ongle.fr\/index.php\/wp-json\/wp\/v2\/pages\/1353"}],"collection":[{"href":"https:\/\/www.bel-ongle.fr\/index.php\/wp-json\/wp\/v2\/pages"}],"about":[{"href":"https:\/\/www.bel-ongle.fr\/index.php\/wp-json\/wp\/v2\/types\/page"}],"author":[{"embeddable":true,"href":"https:\/\/www.bel-ongle.fr\/index.php\/wp-json\/wp\/v2\/users\/1"}],"replies":[{"embeddable":true,"href":"https:\/\/www.bel-ongle.fr\/index.php\/wp-json\/wp\/v2\/comments?post=1353"}],"version-history":[{"count":35,"href":"https:\/\/www.bel-ongle.fr\/index.php\/wp-json\/wp\/v2\/pages\/1353\/revisions"}],"predecessor-version":[{"id":2326,"href":"https:\/\/www.bel-ongle.fr\/index.php\/wp-json\/wp\/v2\/pages\/1353\/revisions\/2326"}],"wp:attachment":[{"href":"https:\/\/www.bel-ongle.fr\/index.php\/wp-json\/wp\/v2\/media?parent=1353"}],"curies":[{"name":"wp","href":"https:\/\/api.w.org\/{rel}","templated":true}]}}